{"id":2862,"date":"2021-01-30T13:40:49","date_gmt":"2021-01-30T12:40:49","guid":{"rendered":"http:\/\/be2030.be\/fr\/?post_type=product&#038;p=2862"},"modified":"2021-12-11T23:08:45","modified_gmt":"2021-12-11T22:08:45","slug":"adhesion-entreprise-be2030-pour-1-an","status":"publish","type":"product","link":"https:\/\/be2030.be\/fr\/product\/adhesion-entreprise-be2030-pour-1-an\/","title":{"rendered":"Donateur \/ Adh\u00e9sion Entreprise BE2030 pour 1 an"},"content":{"rendered":"","protected":false},"excerpt":{"rendered":"<div class=\"pricing_row_info\">\n<div class=\"pricing_row_info\">Peut participer \u00e0 des activit\u00e9s b\u00e9n\u00e9voles au profit de BE2030<\/div>\n<div>Est invit\u00e9 \u00e0 certaines activit\u00e9s<\/div>\n<div class=\"pricing_row_info\">Re\u00e7oit le rapport annuel<\/div>\n<div>Il re\u00e7oit un \u00ab\u00a0pack de bienvenue\u00a0\u00bb<\/div>\n<div>Re\u00e7oit 3x\/an un r\u00e9sum\u00e9 de nos activit\u00e9s<\/div>\n<div>Peut faire des suggestions au Conseil d&rsquo;administration<\/div>\n<div>Re\u00e7oit les rapports du Conseil d&rsquo;administration<\/div>\n<div>Peut participer au fonctionnement de BE2030 : peut mettre un point \u00e0 l&rsquo;ordre du jour<\/div>\n<div>Peut participer \u00e0 l&rsquo;\u00e9lection du Pr\u00e9sident<\/div>\n<\/div>\n<div>Peut postuler pour un si\u00e8ge au conseil d&rsquo;administration<\/div>\n<div class=\"pricing_row_info\">Peut participer activement au fonctionnement et \u00e0 la strat\u00e9gie de BE2030<\/div>\n<div class=\"pricing_row_info\">Adh\u00e9sion \u00e0 partir de 500 \u20ac\/an<\/div>\n","protected":false},"featured_media":0,"comment_status":"closed","ping_status":"closed","template":"","meta":[],"product_brand":[],"product_cat":[66],"product_tag":[],"class_list":{"0":"post-2862","1":"product","2":"type-product","3":"status-publish","5":"product_cat-adhesion","7":"first","8":"instock","9":"virtual","10":"taxable","11":"purchasable","12":"product-type-simple"},"yoast_head":"<!-- This site is optimized with the Yoast SEO plugin v27.2 - https:\/\/yoast.com\/product\/yoast-seo-wordpress\/ -->\n<title>Donateur \/ Adh\u00e9sion Entreprise BE2030 pour 1 an - BE2030 United for Belgium - FR<\/title>\n<meta name=\"robots\" content=\"index, follow, max-snippet:-1, max-image-preview:large, max-video-preview:-1\" \/>\n<link rel=\"canonical\" href=\"https:\/\/be2030.be\/fr\/product\/adhesion-entreprise-be2030-pour-1-an\/\" \/>\n<meta property=\"og:locale\" content=\"fr_FR\" \/>\n<meta property=\"og:type\" content=\"article\" \/>\n<meta property=\"og:title\" content=\"Donateur \/ Adh\u00e9sion Entreprise BE2030 pour 1 an - BE2030 United for Belgium - FR\" \/>\n<meta property=\"og:description\" content=\"Peut participer \u00e0 des activit\u00e9s b\u00e9n\u00e9voles au profit de BE2030 Est invit\u00e9 \u00e0 certaines activit\u00e9s Re\u00e7oit le rapport annuel Il re\u00e7oit un &quot;pack de bienvenue&quot; Re\u00e7oit 3x\/an un r\u00e9sum\u00e9 de nos activit\u00e9s Peut faire des suggestions au Conseil d&#039;administration Re\u00e7oit les rapports du Conseil d&#039;administration Peut participer au fonctionnement de BE2030 : peut mettre un point \u00e0 l&#039;ordre du jour Peut participer \u00e0 l&#039;\u00e9lection du Pr\u00e9sident  Peut postuler pour un si\u00e8ge au conseil d&#039;administration Peut participer activement au fonctionnement et \u00e0 la strat\u00e9gie de BE2030 Adh\u00e9sion \u00e0 partir de 500 \u20ac\/an\" \/>\n<meta property=\"og:url\" content=\"https:\/\/be2030.be\/fr\/product\/adhesion-entreprise-be2030-pour-1-an\/\" \/>\n<meta property=\"og:site_name\" content=\"BE2030 United for Belgium - FR\" \/>\n<meta property=\"article:publisher\" content=\"https:\/\/www.facebook.com\/2030UnitedForBelgium\" \/>\n<meta property=\"article:modified_time\" content=\"2021-12-11T22:08:45+00:00\" \/>\n<meta name=\"twitter:card\" content=\"summary_large_image\" \/>\n<meta name=\"twitter:site\" content=\"@UnitedforBelgi1\" \/>\n<script type=\"application\/ld+json\" class=\"yoast-schema-graph\">{\"@context\":\"https:\/\/schema.org\",\"@graph\":[{\"@type\":\"WebPage\",\"@id\":\"https:\/\/be2030.be\/fr\/product\/adhesion-entreprise-be2030-pour-1-an\/\",\"url\":\"https:\/\/be2030.be\/fr\/product\/adhesion-entreprise-be2030-pour-1-an\/\",\"name\":\"Donateur \/ Adh\u00e9sion Entreprise BE2030 pour 1 an - BE2030 United for Belgium - FR\",\"isPartOf\":{\"@id\":\"https:\/\/be2030.be\/fr\/#website\"},\"datePublished\":\"2021-01-30T12:40:49+00:00\",\"dateModified\":\"2021-12-11T22:08:45+00:00\",\"breadcrumb\":{\"@id\":\"https:\/\/be2030.be\/fr\/product\/adhesion-entreprise-be2030-pour-1-an\/#breadcrumb\"},\"inLanguage\":\"fr-BE\",\"potentialAction\":[{\"@type\":\"ReadAction\",\"target\":[\"https:\/\/be2030.be\/fr\/product\/adhesion-entreprise-be2030-pour-1-an\/\"]}]},{\"@type\":\"BreadcrumbList\",\"@id\":\"https:\/\/be2030.be\/fr\/product\/adhesion-entreprise-be2030-pour-1-an\/#breadcrumb\",\"itemListElement\":[{\"@type\":\"ListItem\",\"position\":1,\"name\":\"Home\",\"item\":\"https:\/\/be2030.be\/fr\/\"},{\"@type\":\"ListItem\",\"position\":2,\"name\":\"Magasin\",\"item\":\"https:\/\/be2030.be\/fr\/magasin-2\/\"},{\"@type\":\"ListItem\",\"position\":3,\"name\":\"Donateur \/ Adh\u00e9sion Entreprise BE2030 pour 1 an\"}]},{\"@type\":\"WebSite\",\"@id\":\"https:\/\/be2030.be\/fr\/#website\",\"url\":\"https:\/\/be2030.be\/fr\/\",\"name\":\"BE2030 United for Belgium - FR\",\"description\":\"\",\"publisher\":{\"@id\":\"https:\/\/be2030.be\/fr\/#organization\"},\"potentialAction\":[{\"@type\":\"SearchAction\",\"target\":{\"@type\":\"EntryPoint\",\"urlTemplate\":\"https:\/\/be2030.be\/fr\/?s={search_term_string}\"},\"query-input\":{\"@type\":\"PropertyValueSpecification\",\"valueRequired\":true,\"valueName\":\"search_term_string\"}}],\"inLanguage\":\"fr-BE\"},{\"@type\":\"Organization\",\"@id\":\"https:\/\/be2030.be\/fr\/#organization\",\"name\":\"BE2030 United for Belgium\",\"url\":\"https:\/\/be2030.be\/fr\/\",\"logo\":{\"@type\":\"ImageObject\",\"inLanguage\":\"fr-BE\",\"@id\":\"https:\/\/be2030.be\/fr\/#\/schema\/logo\/image\/\",\"url\":\"https:\/\/be2030.be\/fr\/wp-content\/uploads\/sites\/7\/2020\/12\/BE2030-BLACK-small.png\",\"contentUrl\":\"https:\/\/be2030.be\/fr\/wp-content\/uploads\/sites\/7\/2020\/12\/BE2030-BLACK-small.png\",\"width\":400,\"height\":147,\"caption\":\"BE2030 United for Belgium\"},\"image\":{\"@id\":\"https:\/\/be2030.be\/fr\/#\/schema\/logo\/image\/\"},\"sameAs\":[\"https:\/\/www.facebook.com\/2030UnitedForBelgium\",\"https:\/\/x.com\/UnitedforBelgi1\"]}]}<\/script>\n<!-- \/ Yoast SEO plugin. -->","yoast_head_json":{"title":"Donateur \/ Adh\u00e9sion Entreprise BE2030 pour 1 an - BE2030 United for Belgium - FR","robots":{"index":"index","follow":"follow","max-snippet":"max-snippet:-1","max-image-preview":"max-image-preview:large","max-video-preview":"max-video-preview:-1"},"canonical":"https:\/\/be2030.be\/fr\/product\/adhesion-entreprise-be2030-pour-1-an\/","og_locale":"fr_FR","og_type":"article","og_title":"Donateur \/ Adh\u00e9sion Entreprise BE2030 pour 1 an - BE2030 United for Belgium - FR","og_description":"Peut participer \u00e0 des activit\u00e9s b\u00e9n\u00e9voles au profit de BE2030 Est invit\u00e9 \u00e0 certaines activit\u00e9s Re\u00e7oit le rapport annuel Il re\u00e7oit un \"pack de bienvenue\" Re\u00e7oit 3x\/an un r\u00e9sum\u00e9 de nos activit\u00e9s Peut faire des suggestions au Conseil d'administration Re\u00e7oit les rapports du Conseil d'administration Peut participer au fonctionnement de BE2030 : peut mettre un point \u00e0 l'ordre du jour Peut participer \u00e0 l'\u00e9lection du Pr\u00e9sident  Peut postuler pour un si\u00e8ge au conseil d'administration Peut participer activement au fonctionnement et \u00e0 la strat\u00e9gie de BE2030 Adh\u00e9sion \u00e0 partir de 500 \u20ac\/an","og_url":"https:\/\/be2030.be\/fr\/product\/adhesion-entreprise-be2030-pour-1-an\/","og_site_name":"BE2030 United for Belgium - FR","article_publisher":"https:\/\/www.facebook.com\/2030UnitedForBelgium","article_modified_time":"2021-12-11T22:08:45+00:00","twitter_card":"summary_large_image","twitter_site":"@UnitedforBelgi1","schema":{"@context":"https:\/\/schema.org","@graph":[{"@type":"WebPage","@id":"https:\/\/be2030.be\/fr\/product\/adhesion-entreprise-be2030-pour-1-an\/","url":"https:\/\/be2030.be\/fr\/product\/adhesion-entreprise-be2030-pour-1-an\/","name":"Donateur \/ Adh\u00e9sion Entreprise BE2030 pour 1 an - BE2030 United for Belgium - FR","isPartOf":{"@id":"https:\/\/be2030.be\/fr\/#website"},"datePublished":"2021-01-30T12:40:49+00:00","dateModified":"2021-12-11T22:08:45+00:00","breadcrumb":{"@id":"https:\/\/be2030.be\/fr\/product\/adhesion-entreprise-be2030-pour-1-an\/#breadcrumb"},"inLanguage":"fr-BE","potentialAction":[{"@type":"ReadAction","target":["https:\/\/be2030.be\/fr\/product\/adhesion-entreprise-be2030-pour-1-an\/"]}]},{"@type":"BreadcrumbList","@id":"https:\/\/be2030.be\/fr\/product\/adhesion-entreprise-be2030-pour-1-an\/#breadcrumb","itemListElement":[{"@type":"ListItem","position":1,"name":"Home","item":"https:\/\/be2030.be\/fr\/"},{"@type":"ListItem","position":2,"name":"Magasin","item":"https:\/\/be2030.be\/fr\/magasin-2\/"},{"@type":"ListItem","position":3,"name":"Donateur \/ Adh\u00e9sion Entreprise BE2030 pour 1 an"}]},{"@type":"WebSite","@id":"https:\/\/be2030.be\/fr\/#website","url":"https:\/\/be2030.be\/fr\/","name":"BE2030 United for Belgium - FR","description":"","publisher":{"@id":"https:\/\/be2030.be\/fr\/#organization"},"potentialAction":[{"@type":"SearchAction","target":{"@type":"EntryPoint","urlTemplate":"https:\/\/be2030.be\/fr\/?s={search_term_string}"},"query-input":{"@type":"PropertyValueSpecification","valueRequired":true,"valueName":"search_term_string"}}],"inLanguage":"fr-BE"},{"@type":"Organization","@id":"https:\/\/be2030.be\/fr\/#organization","name":"BE2030 United for Belgium","url":"https:\/\/be2030.be\/fr\/","logo":{"@type":"ImageObject","inLanguage":"fr-BE","@id":"https:\/\/be2030.be\/fr\/#\/schema\/logo\/image\/","url":"https:\/\/be2030.be\/fr\/wp-content\/uploads\/sites\/7\/2020\/12\/BE2030-BLACK-small.png","contentUrl":"https:\/\/be2030.be\/fr\/wp-content\/uploads\/sites\/7\/2020\/12\/BE2030-BLACK-small.png","width":400,"height":147,"caption":"BE2030 United for Belgium"},"image":{"@id":"https:\/\/be2030.be\/fr\/#\/schema\/logo\/image\/"},"sameAs":["https:\/\/www.facebook.com\/2030UnitedForBelgium","https:\/\/x.com\/UnitedforBelgi1"]}]}},"_links":{"self":[{"href":"https:\/\/be2030.be\/fr\/wp-json\/wp\/v2\/product\/2862","targetHints":{"allow":["GET"]}}],"collection":[{"href":"https:\/\/be2030.be\/fr\/wp-json\/wp\/v2\/product"}],"about":[{"href":"https:\/\/be2030.be\/fr\/wp-json\/wp\/v2\/types\/product"}],"replies":[{"embeddable":true,"href":"https:\/\/be2030.be\/fr\/wp-json\/wp\/v2\/comments?post=2862"}],"wp:attachment":[{"href":"https:\/\/be2030.be\/fr\/wp-json\/wp\/v2\/media?parent=2862"}],"wp:term":[{"taxonomy":"product_brand","embeddable":true,"href":"https:\/\/be2030.be\/fr\/wp-json\/wp\/v2\/product_brand?post=2862"},{"taxonomy":"product_cat","embeddable":true,"href":"https:\/\/be2030.be\/fr\/wp-json\/wp\/v2\/product_cat?post=2862"},{"taxonomy":"product_tag","embeddable":true,"href":"https:\/\/be2030.be\/fr\/wp-json\/wp\/v2\/product_tag?post=2862"}],"curies":[{"name":"wp","href":"https:\/\/api.w.org\/{rel}","templated":true}]}}

Donateur / Adhésion Entreprise BE2030 pour 1 an

<div class="pricing_row_info">
<div class="pricing_row_info">Peut participer à des activités bénévoles au profit de BE2030</div>
<div>Est invité à certaines activités</div>
<div class="pricing_row_info">Reçoit le rapport annuel</div>
<div>Il reçoit un « pack de bienvenue »</div>
<div>Reçoit 3x/an un résumé de nos activités</div>
<div>Peut faire des suggestions au Conseil d&rsquo;administration</div>
<div>Reçoit les rapports du Conseil d&rsquo;administration</div>
<div>Peut participer au fonctionnement de BE2030 : peut mettre un point à l&rsquo;ordre du jour</div>
<div>Peut participer à l&rsquo;élection du Président</div>
</div>
<div>Peut postuler pour un siège au conseil d&rsquo;administration</div>
<div class="pricing_row_info">Peut participer activement au fonctionnement et à la stratégie de BE2030</div>
<div class="pricing_row_info">Adhésion à partir de 500 €/an</div>

<!-- This site is optimized with the Yoast SEO plugin v27.2 - https://yoast.com/product/yoast-seo-wordpress/ -->
<title>Donateur / Adhésion Entreprise BE2030 pour 1 an - BE2030 United for Belgium - FR</title>
<meta name="robots" content="index, follow, max-snippet:-1, max-image-preview:large, max-video-preview:-1" />
<link rel="canonical" href="https://be2030.be/fr/product/adhesion-entreprise-be2030-pour-1-an/" />
<meta property="og:locale" content="fr_FR" />
<meta property="og:type" content="article" />
<meta property="og:title" content="Donateur / Adhésion Entreprise BE2030 pour 1 an - BE2030 United for Belgium - FR" />
<meta property="og:description" content="Peut participer à des activités bénévoles au profit de BE2030 Est invité à certaines activités Reçoit le rapport annuel Il reçoit un &quot;pack de bienvenue&quot; Reçoit 3x/an un résumé de nos activités Peut faire des suggestions au Conseil d&#039;administration Reçoit les rapports du Conseil d&#039;administration Peut participer au fonctionnement de BE2030 : peut mettre un point à l&#039;ordre du jour Peut participer à l&#039;élection du Président  Peut postuler pour un siège au conseil d&#039;administration Peut participer activement au fonctionnement et à la stratégie de BE2030 Adhésion à partir de 500 €/an" />
<meta property="og:url" content="https://be2030.be/fr/product/adhesion-entreprise-be2030-pour-1-an/" />
<meta property="og:site_name" content="BE2030 United for Belgium - FR" />
<meta property="article:publisher" content="https://www.facebook.com/2030UnitedForBelgium" />
<meta property="article:modified_time" content="2021-12-11T22:08:45+00:00" />
<meta name="twitter:card" content="summary_large_image" />
<meta name="twitter:site" content="@UnitedforBelgi1" />
<script type="application/ld+json" class="yoast-schema-graph">{"@context":"https://schema.org","@graph":[{"@type":"WebPage","@id":"https://be2030.be/fr/product/adhesion-entreprise-be2030-pour-1-an/","url":"https://be2030.be/fr/product/adhesion-entreprise-be2030-pour-1-an/","name":"Donateur / Adhésion Entreprise BE2030 pour 1 an - BE2030 United for Belgium - FR","isPartOf":{"@id":"https://be2030.be/fr/#website"},"datePublished":"2021-01-30T12:40:49+00:00","dateModified":"2021-12-11T22:08:45+00:00","breadcrumb":{"@id":"https://be2030.be/fr/product/adhesion-entreprise-be2030-pour-1-an/#breadcrumb"},"inLanguage":"fr-BE","potentialAction":[{"@type":"ReadAction","target":["https://be2030.be/fr/product/adhesion-entreprise-be2030-pour-1-an/"]}]},{"@type":"BreadcrumbList","@id":"https://be2030.be/fr/product/adhesion-entreprise-be2030-pour-1-an/#breadcrumb","itemListElement":[{"@type":"ListItem","position":1,"name":"Home","item":"https://be2030.be/fr/"},{"@type":"ListItem","position":2,"name":"Magasin","item":"https://be2030.be/fr/magasin-2/"},{"@type":"ListItem","position":3,"name":"Donateur / Adhésion Entreprise BE2030 pour 1 an"}]},{"@type":"WebSite","@id":"https://be2030.be/fr/#website","url":"https://be2030.be/fr/","name":"BE2030 United for Belgium - FR","description":"","publisher":{"@id":"https://be2030.be/fr/#organization"},"potentialAction":[{"@type":"SearchAction","target":{"@type":"EntryPoint","urlTemplate":"https://be2030.be/fr/?s={search_term_string}"},"query-input":{"@type":"PropertyValueSpecification","valueRequired":true,"valueName":"search_term_string"}}],"inLanguage":"fr-BE"},{"@type":"Organization","@id":"https://be2030.be/fr/#organization","name":"BE2030 United for Belgium","url":"https://be2030.be/fr/","logo":{"@type":"ImageObject","inLanguage":"fr-BE","@id":"https://be2030.be/fr/#/schema/logo/image/","url":"https://be2030.be/fr/wp-content/uploads/sites/7/2020/12/BE2030-BLACK-small.png","contentUrl":"https://be2030.be/fr/wp-content/uploads/sites/7/2020/12/BE2030-BLACK-small.png","width":400,"height":147,"caption":"BE2030 United for Belgium"},"image":{"@id":"https://be2030.be/fr/#/schema/logo/image/"},"sameAs":["https://www.facebook.com/2030UnitedForBelgium","https://x.com/UnitedforBelgi1"]}]}</script>
<!-- / Yoast SEO plugin. -->

Donateur / Adhésion Entreprise BE2030 pour 1 an - BE2030 United for Belgium - FR

Peut participer à des activités bénévoles au profit de BE2030 Est invité à certaines activités Reçoit le rapport annuel Il reçoit un "pack de bienvenue" Reçoit 3x/an un résumé de nos activités Peut faire des suggestions au Conseil d'administration Reçoit les rapports du Conseil d'administration Peut participer au fonctionnement de BE2030 : peut mettre un point à l'ordre du jour Peut participer à l'élection du Président  Peut postuler pour un siège au conseil d'administration Peut participer activement au fonctionnement et à la stratégie de BE2030 Adhésion à partir de 500 €/an
